mainder when 26243 is divided by 1192.
19
Calculate the remainder when 387 is divided by 95.
7
Calculate the remainder when 97502 is divided by 224.
62
Calculate the remainder when 1944 is divided by 228.
120
What is the remainder when 95501 is divided by 58?
33
Calculate the remainder when 132610 is divided by 132559.
51
What is the remainder when 107363 is divided by 17890?
23
What is the remainder when 146996 is divided by 63?
17
Calculate the remainder when 3628 is divided by 85.
58
Calculate the remainder when 2100 is divided by 1865.
235
What is the remainder when 35100 is divided by 8?
4
Calculate the remainder when 19303 is divided by 427.
88
Calculate the remainder when 360431 is divided by 137.
121
Calculate the remainder when 817627 is divided by 22.
19
Calculate the remainder when 159738 is divided by 53.
49
What is the remainder when 7711 is divided by 18?
7
What is the remainder when 15163 is divided by 15151?
12
Calculate the remainder when 545948 is divided by 30330.
8
What is the remainder when 5171 is divided by 2548?
75
What is the remainder when 3561 is divided by 1358?
845
What is the remainder when 7363 is divided by 1474?
1467
Calculate the remainder when 209332 is divided by 274.
270
Calculate the remainder when 1545859 is divided by 370.
369
Calculate the remainder when 6111 is divided by 166.
135
Calculate the remainder when 29178 is divided by 101.
90
Calculate the remainder when 1691581 is divided by 595.
591
What is the remainder when 689387 is divided by 42?
41
What is the remainder when 2066 is divided by 507?
38
Calculate the remainder when 15631 is divided by 382.
351
Calculate the remainder when 13844 is divided by 16.
4
Calculate the remainder when 3006 is divided by 215.
211
What is the remainder when 4228 is divided by 169?
3
What is the remainder when 6696 is divided by 1674?
0
Calculate the remainder when 4081 is divided by 75.
31
What is the remainder when 3118 is divided by 326?
184
Calculate the remainder when 189626 is divided by 4122.
14
Calculate the remainder when 137442 is divided by 255.
252
Calculate the remainder when 66345 is divided by 7.
6
Calculate the remainder when 21726 is divided by 167.
16
What is the remainder when 569597 is divided by 25?
22
What is the remainder when 41265 is divided by 308?
301
Calculate the remainder when 6055 is divided by 373.
87
Calculate the remainder when 3714 is divided by 534.
510
What is the remainder when 29544 is divided by 11?
9
Calculate the remainder when 648251 is divided by 44.
43
Calculate the remainder when 34698 is divided by 69.
60
Calculate the remainder when 3366 is divided by 1100.
66
Calculate the remainder when 59006 is divided by 137.
96
Calculate the remainder when 49690 is divided by 956.
934
Calculate the remainder when 43689 is divided by 3637.
45
Calculate the remainder when 889771 is divided by 1330.
1
Calculate the remainder when 22778 is divided by 11388.
2
What is the remainder when 16963 is divided by 2825?
13
Calculate the remainder when 46632 is divided by 313.
308
Calculate the remainder when 74453 is divided by 107.
88
Calculate the remainder when 413874 is divided by 115.
104
What is the remainder when 487 is divided by 296?
191
What is the remainder when 6938 is divided by 1647?
350
Calculate the remainder when 2110 is divided by 99.
31
Calculate the remainder when 9618 is divided by 2367.
150
What is the remainder when 82785 is divided by 12?
9
Calculate the remainder when 24307 is divided by 130.
127
Calculate the remainder when 209030 is divided by 7.
3
Calculate the remainder when 73840 is divided by 204.
196
What is the remainder when 331 is divided by 194?
137
Calculate the remainder when 383 is divided by 143.
97
Calculate the remainder when 21531 is divided by 15.
6
What is the remainder when 89758 is divided by 32?
30
What is the remainder when 65680 is divided by 373?
32
Calculate the remainder when 34882 is divided by 13.
3
Calculate the remainder when 76221 is divided by 25.
21
What is the remainder when 1421 is divided by 79?
78
What is the remainder when 143462 is divided by 118?
92
What is the remainder when 100976 is divided by 241?
238
Calculate the remainder when 10201 is divided by 10125.
76
What is the remainder when 818 is divided by 639?
179
What is the remainder when 1589 is divided by 26?
3
Calculate the remainder when 774 is divided by 59.
7
What is the remainder when 18586 is divided by 1238?
16
Calculate the remainder when 5886 is divided by 2940.
6
What is the remainder when 702701 is divided by 22?
21
What is the remainder when 111424 is divided by 44?
16
What is the remainder when 1436 is divided by 452?
80
What is the remainder when 7203 is divided by 325?
53
What is the remainder when 595 is divided by 37?
3
What is the remainder when 2660 is divided by 554?
444
What is the remainder when 18881 is divided by 1885?
31
What is the remainder when 4547 is divided by 3540?
1007
Calculate the remainder when 31278 is divided by 8.
6
Calculate the remainder when 17112 is divided by 188.
4
What is the remainder when 509 is divided by 447?
62
Calculate the remainder when 350798 is divided by 22.
8
What is the remainder when 39322 is divided by 29?
27
What is the remainder when 39853 is divided by 78?
73
What is the remainder when 22427 is divided by 72?
35
Calculate the remainder when 84239 is divided by 84236.
3
What is the remainder when 6002 is divided by 463?
446
Calculate the remainder when 288 is divided by 10.
8
Calculate the remainder when 891 is divided by 253.
132
What is the remainder when 259791 is divided by 2095?
11
Calculate the remainder when 113174 is divided by 28.
26
What is the remainder when 28409 is divided by 887?
25
Calculate the remainder when 13040 is divided by 48.
32
Calculate the remainder when 545 is divided by 23.
16
Calculate the remainder when 33435 is divided by 1155.
1095
What is the remainder when 19586 is divided by 134?
22
Calculate the remainder when 1100074 is divided by 25.
24
Calculate the remainder when 4864538 is divided by 10.
8
What is the remainder when 92661 is divided by 429?
426
Calculate the remainder when 436479 is divided by 124.
123
Calculate the remainder when 16487 is divided by 262.
243
What is the remainder when 574 is divided by 236?
102
What is the remainder when 510 is divided by 14?
6
Calculate the remainder when 208889 is divided by 17404.
41
Calculate the remainder when 99109 is divided by 14.
3
What is the remainder when 3500 is divided by 385?
35
What is the remainder when 669550 is divided by 677?
674
What is the remainder when 184210 is divided by 41?
38
Calculate the remainder when 228688 is divided by 315.
313
Calculate the remainder when 13587 is divided by 4310.
657
Calculate the remainder when 3129 is divided by 64.
57
Calculate the remainder when 15684 is divided by 134.
6
What is the remainder when 13348 is divided by 50?
48
Calculate the remainder when 12664 is divided by 4215.
19
Calculate the remainder when 31118 is divided by 253.
252
What is the remainder when 74116 is divided by 2745?
1
What is the remainder when 40745 is divided by 61?
58
Calculate the remainder when 49708 is divided by 3.
1
What is the remainder when 150489 is divided by 3?
0
What is the remainder when 454478 is divided by 760?
758
Calculate the remainder when 285155 is divided by 95041.
32
Calculate the remainder when 470 is divided by 360.
110
Calculate the remainder when 188213 is divided by 13441.
39
Calculate the remainder when 50167 is divided by 56.
47
What is the remainder when 18750 is divided by 18721?
29
What is the remainder when 4576 is divided by 350?
26
What is the remainder when 1139 is divided by 137?
43
Calculate the remainder when 152361 is divided by 104.
1
Calculate the remainder when 8686 is divided by 868.
6
What is the remainder when 734 is divided by 246?
242
Calculate the remainder when 151997 is divided by 380.
377
Calculate the remainder when 298152 is divided by 99374.
30
Calculate the remainder when 23200 is divided by 914.
350
Calculate the remainder when 157 is divided by 106.
51
Calculate the remainder when 187876 is divided by 1480.
1396
What is the remainder when 1676098 is divided by 20?
18
Calculate the remainder